/((-12)/(-3)). Suppose -r*t = -t - 2. Suppose 3*d - i - 45 = t*i, -d + 4*i = -30. Is 3 a factor of d?
False
Let o be (-126)/(-12) + 2/(-4). Let m be 586/o + (-6)/(-15). Let r = m + -35. Is r a multiple of 8?
True
Let g(r) be the third derivative of -r**4/6 + r**3/6 + 8*r**2. Is g(-9) a multiple of 8?
False
Suppose -4*b + 2*w + 336 = 74, -5*w + 101 = 2*b. Does 7 divide b?
True
Suppose -3*l + 2193 = 4*q + 201, 5*l - 5*q = 3285. Is 44 a factor of l?
True
Let w be (-12)/(-60) - 81/5. Let g = 11 + w. Is g/((-5)/3) + 26 a multiple of 17?
False
Let g(s) = -38*s - 2. Suppose 4*m + 24 = -0. Is g(m) a multiple of 17?
False
Let i = 137 + 718. Does 19 divide i?
True
Suppose 2*k - 5 = 3. Let h = 58 - -209. Suppose h = k*n + 91. Does 10 divide n?
False
Suppose 27*j - 7762 - 29849 = 0. Is 8 a factor of j?
False
Suppose 35 + 9 = 4*p. Let c = p + -6. Suppose -c*v - 4*z = -144, 5*v - v = z + 111. Does 14 divide v?
True
Let g(s) = s**2 - 12*s + 13. Let w be g(11). Is 8 a factor of (0 - w/13) + (-3752)/(-52)?
True
Let p be (-38 + 2)*25/15. Let i = -27 - p. Does 11 divide i?
True
Suppose -1700*s + 1703*s - 2502 = 0. Is s a multiple of 6?
True
Suppose 0*m = 4*m. Is 6 a factor of (-2 + m)/(9/(-162))?
True
Let m = 1046 - 287. Does 69 divide m?
True
Let x = 101 + -99. Suppose -2*m - 108 = -x*t, 2*t - 102 = -0*t - m. Is 13 a factor of t?
True
Let v(x) = -x**3 - 8*x**2 - 5*x + 12. Let w be v(-7). Is 22 a factor of w/(-6) - (-1315)/15?
True
Let h(c) = 142*c + 556. Does 13 divide h(10)?
True
Does 76 divide 1933 - (1 + (16 - 9))?
False
Suppose 5*p - 68 = 17. Suppose -16*i - 19 = -p*i. Is 19 a factor of i?
True
Suppose 2*y = -71 - 79. Let o = y + 192. Does 9 divide o?
True
Let s(l) be the first derivative of -l**5/15 + l**4/3 + l**3/3 + 5. Let q(z) be the third derivative of s(z). Is q(-4) a multiple of 11?
False
Let b(j) = 9*j**3 - 2*j - 1. Let l(z) = z**2 - 8*z - 10. Let o be l(9). Let u be b(o). Is (59 + u/(-4))*1 a multiple of 17?
False
Let f(d) = d**2 + 5*d**2 - 9*d**3 + 7*d + 11 + 7*d**3 - 2*d**2. Is 10 a factor of f(-3)?
True
Let w be (-1)/(-2) - 35/10. Let h be (2/w)/((-26)/117). Suppose -h*x + 47 = -x + 5*u, 22 = x + 4*u. Is 23 a factor of x?
False
Let a(w) = 16 + 19*w + 0 + 5 - 3*w. Does 11 divide a(3)?
False
Suppose -5*h + 18 = 4*a + 63, 0 = a + 3*h + 13. Let b be a/(-30) + (-10)/(-6). Suppose -b + 110 = 4*q. Is 9 a factor of q?
True
Let a(l) be the first derivative of l**2 - 22*l + 12. Does 7 divide a(18)?
True
Suppose -2085 - 26515 = -40*x. Does 120 divide x?
False
Does 26 divide (-25 - -18)*2470/(-35)?
True
Suppose -b = -2*m - 30, 5*b - 3*m - 2*m = 135. Let z = -3 + b. Is 7 a factor of z?
True
Let k(j) = j**2 - 14*j + 18*j - 7*j - 7. Let q(v) = -v + 4. Let s be q(-4). Is 11 a factor of k(s)?
True
Let x(q) = -q**3 + 4*q**2 + 10*q + 12. Let v be x(6). Suppose -4*m = -5*t - v*m + 270, 0 = 5*m. Is 9 a factor of t?
True
Let q(t) = 5*t**2 + 1. Let w be q(-1). Suppose 7 = 2*i + 3, i = -s + w. Does 9 divide 4 + -1 - (s - 19)?
True
Suppose -137 = 9*q - 1019. Suppose 4*u - 338 = -q. Is 20 a factor of u?
True
Suppose 0 = 7*u - 105 - 420. Is u a multiple of 7?
False
Let v(m) = -m**3 + 2*m**2 + 2. Let g be v(2). Let l be 0 + 0 + -6 + g. Does 13 divide (-2)/l*0 + 32?
False
Is 3 a factor of ((-32)/12 + 4)*102/4?
False
Let r(f) be the second derivative of f**5/20 - f**4/2 - f**3/6 - 5*f**2/2 + 12*f. Does 8 divide r(7)?
False
Let a(s) = -s**2 + s + 1. Let o = 5 + -6. Let x(f) = -11*f**2 + 10*f + 5. Let t(k) = o*x(k) + 5*a(k). Is 19 a factor of t(4)?
True
Suppose -354 = -4*j - 2*j. Is 48 a factor of j?
False
Let o be (-171)/(-6)*14/(-21). Let f = 42 + o. Does 6 divide f?
False
Is 39 a factor of 29476/36 - 20/(-90)?
True
Let z(j) = -j**2 + 6*j - 4. Let w be z(4). Suppose 6*p = p + 3*n + 58, -3*p - w*n + 58 = 0. Let b = p - 3. Is b a multiple of 11?
True
Suppose -2*z + 108 = -3*c, 127 = 5*z + 5*c - 168. Is 30 a factor of z?
False
Let t(v) = -8*v**2 - 5*v + 4. Let z(j) = j. Let m(s) = -t(s) - 4*z(s). Let k be m(-2). Suppose 3*x = 2*y - y - 3, -2*x + k = 4*y. Is y even?
True
Is 9 a factor of (-477)/(-5) - 162/405?
False
Suppose 4*x + 4*j + 2 = 2*x, -3*j = x - 2. Suppose 11*o - 45 = 6*o. Let v = o - x. Does 7 divide v?
False
Let l(w) = 2*w**2 + 9*w - 47. Is l(-19) a multiple of 15?
False
Suppose 3*l - d = 247, 4*l - 280 - 45 = -3*d. Is l a multiple of 2?
True
Suppose -8 = -9*g + 37. Suppose -2*z + 27 = d, -g*d - 4*z + 135 = z. Is d a multiple of 9?
True
Let l(i) = 2*i**2 - 40*i + 10. Is 6 a factor of l(-6)?
False
Let h(n) = 3*n**2 + 4*n + 16. Does 43 divide h(-4)?
False
Suppose -12*l = -13*l + 4. Suppose 0 = -l*a - 3*u + 325 + 152, 4*u = 2*a - 222. Is a a multiple of 20?
False
Suppose 0 = 16*a - 93*a + 151613. Does 11 divide a?
True
Let g = -12 + 14. Let i(o) = o**3 - o**2 - 3*o + 1. Let j be i(g). Does 11 divide j - -3 - (-24 - 3)?
False
Let q(k) = -83*k + 195. Does 13 divide q(-8)?
False
Let b = -152 + 262. Suppose 2*n + 3*j = 105, 3*j - b = -2*n - j. Does 9 divide n?
True
Suppose -8*q = -3 - 13. Suppose 0 = 3*v - 0*p - 2*p - 22, -2*p - q = 2*v. Suppose 158 = v*m - 134. Does 13 divide m?
False
Suppose -q = -4 + 6, 4*b - q - 802 = 0. Suppose -13*d - b = -15*d. Is d a multiple of 26?
False
Suppose -27*n + 32*n = 460. Let p = -16 + n. Does 19 divide p?
True
Let d(w) be the first derivative of 2*w**3/3 - 3*w**2 + 3*w + 9. Let x be d(2). Let h = 17 - x. Is 18 a factor of h?
True
Let a(b) = b**2 + 2*b + 1. Let w be a(-4). Let y = 20 - w. Suppose 7*o = y*o - 24. Does 3 divide o?
True
Suppose -30 = -10*y + 8*y. Does 15 divide y?
True
Suppose 3*u = -2*y + 21, -3*u - 1 = 2. Let k = 30 + y. Is 7 a factor of k?
True
Suppose -1377 = -8*y + 983. Does 5 divide y?
True
Suppose -10*m - 4034 = -20064. Is 18 a factor of m?
False
Let h(g) be the second derivative of g**4/12 + 8*g**2 - 5*g. Is 20 a factor of h(-12)?
True
Suppose -9 = 3*u, 4*b + 4*u = u - 5. Is -4 + (b/(-3))/((-1)/282) a multiple of 30?
True
Let b(t) = 8*t**2 - 9*t - 9. Is b(9) a multiple of 46?
False
Let y = -1338 + 3532. Is y a multiple of 11?
False
Let q(y) = -5*y**3 + 6*y**2 - 4*y - 4. Let o(i) = 5*i**3 - 7*i**2 + 5*i + 5. Let s(b) = 5*o(b) + 6*q(b). Let k be s(-2). Let u = k - 18. Is u a multiple of 14?
False
Let v = 22 + -18. Suppose -549 = -v*c + s, 0*c + s + 411 = 3*c. Is 10 a factor of c/4 - (-7)/(-14)?
False
Suppose a + 5*u = 12 + 66, 4*a = -3*u + 346. Is 22 a factor of a?
True
Suppose 5*t - 12555 = 5*f, 2*t - f + 869 - 5896 = 0. Does 74 divide t?
True
Let n(y) = 39*y + 1. Is 10 a factor of n(11)?
True
Suppose 0 = d - 4*f - 435, -2*d - 2*f = -1017 + 107. Is 58 a factor of d?
False
Let i(p) = p - 1. Let n(h) = 12 + 9 - 6*h**2 - 14 - 9*h. Let g(t) = -6*i(t) - n(t). Is g(2) a multiple of 29?
True
Let b(c) = -99*c - 176. Is 52 a factor of b(-11)?
False
Let t = -1490 + 1649. Does 6 divide t?
False
Suppose 0*c - 160 = -4*c. Suppose -2*s - 3*s - c = 0. Let r(q) = q**2 + 5*q + 10. Is 9 a factor of r(s)?
False
Suppose 4*k = 4*o + 12, 3*o - o + 21 = 5*k. Suppose -s = o*v + 29, s = 4*s - 3*v + 78. Let h = s - -63. Is h a multiple of 9?
True
Is 51 a factor of -1062*(-5 - -4) - -9?
True
Let b(i) = -i**3 - 10*i**2 - 2*i - 17. Let y be b(-10). Is (-5*2)/(y/(-12)) a multiple of 17?
False
Let v be 10 + -1 + 1 + (-1 - -1). Suppose 0 = -5*d + v, -i + 5*d + 339 = -0*i. Is 25 a factor of i?
False
Let s(a) = 3*a**3 - 9*a**2 + 2*a + 16. Does 44 divide s(6)?
True
Let q = 34 - 30. Suppose -q*p - 1 = -309. Is p a multiple of 11?
True
Is 22 a factor of (-6600)/36*(0 + 12/(-10))?
True
Suppose 0 = 3*f + 3, 6*f = 5*x + 3*f - 2843. Is x a multiple of 14?
False
Let b = 25 - 22. Suppose -4*w + 2*x = -0*w - 82, 2*x - 58 = -b*w. Is w a multiple of 4?
True
Let o(s) be the first derivative of 5*s**3/3 + 5*s**2/2 - 5*s - 8. Is o(-5) a multiple of 19?
True
Let y(j) = j**3 - 25*j**2 - j + 27. Let h be y(25). Suppose 4*v = h*r + 8*v - 124, 4*r - 3*v = 193. Does 20 divide r?
False
Let a(u) be the second derivative of u**4/4 + u**3/6 + u**2/2 - 4*u. Is a(-4) a multiple of 12?
False
Suppose -5*t + 7302 = -2148. Is t a multiple of 135?
True
Let y = -1 - -1. Let s be 67 - (-2 - (y - 2)). Suppose n = -0*b - 3*b + s, -3*n - 39 = -b. Is 8 a factor of b?
True
Let m = 139 + -127. Let i = 111 - m. Does 11 divide i?
True
Suppose 2*w - 29 = -25. Let x(d) = d**2 + 8*d + 6. L